the thousands digit of o?
3
Suppose -946234 - 12978058 = -307*d. What is the ten thousands digit of d?
4
Suppose 5*w = 3*p + 3118, 4*w + 0*w = -3*p + 2489. Suppose 13*o = -w + 1884. Suppose -j - 25 = -o. What is the units digit of j?
2
Suppose -5*d + 4*n = -149, 0 = -3*d + 5*n - 3*n + 91. Suppose -d*s = -32*s + 87. Let w = -76 - s. What is the units digit of w?
1
Let o = -341 - -327. Let n(x) = -x**3 - 10*x**2 - 22*x - 132. What is the tens digit of n(o)?
6
What is the tens digit of -137 - -145 - (-1 + -4841)?
5
Suppose -5*f = 9*f + 1988. Let a = 393 + f. What is the tens digit of a?
5
Let h(s) = 443*s - 2190. What is the tens digit of h(50)?
6
Suppose -44*t + 47*t = 12. Suppose -3*v = t*y - 459, -6*v - 5*y = -3*v - 459. What is the tens digit of v?
5
Let n(h) be the second derivative of 7*h**4/12 + h**3/3 - 71*h**2/2 - 16*h + 2. What is the units digit of n(-8)?
1
Let p = 373 + -224. Let b = 149 - p. Suppose b = 3*z + f - 188, 3*f + 0*f + 332 = 5*z. What is the tens digit of z?
6
Let w(v) = v**2 - v + 84. Suppose 5*t = 4*a - 52, -3*t + 0*t = a - 30. What is the units digit of w(a)?
0
What is the tens digit of 20/4 + (-48456)/(-36)?
5
Let k(p) = -p**2 + 13*p + 18. Let o be k(13). Suppose o*r - 1342 = -4*r. What is the tens digit of r?
6
Let c be 2394/(-54)*72/(-28). What is the units digit of (c/(-76))/((-3)/1100) - 4?
6
Let m be ((-5)/(-2))/((-7)/14). Let r(x) be the second derivative of x**4/2 + x**3/3 + 3*x**2 - x - 24. What is the hundreds digit of r(m)?
1
Suppose -3*y + 3*i = -7*y - 289, 2*i + 290 = -4*y. Let z be (-3)/(-3) - (130 + 1). Let w = y - z. What is the units digit of w?
7
Let n(l) = l + 3. Let m be n(5). Let y be 24/(-11) - m/(-44). What is the units digit of -11*(0 + -3 + y)?
5
Let k be 30*-1*(-49)/42. Suppose 14296 + 11569 = k*m. What is the tens digit of m?
3
Let o = -12603 - -17411. What is the thousands digit of o?
4
Let m(b) = 30031*b**2 - 76*b - 75. What is the hundreds digit of m(-1)?
0
Suppose 3*l - 4*u - 98972 + 2594 = 0, -3*u + 18 = 0. What is the thousands digit of l?
2
Let w(x) = 202*x - 3057. What is the thousands digit of w(41)?
5
Let h = -531 + 365. Let b = h - -756. What is the units digit of b?
0
Let u(i) = -11*i**3 - 3*i**2 + 4*i + 9. Let c be u(-4). Suppose -v = s - 6*v - 347, c = 2*s + 5*v. What is the hundreds digit of s?
3
Let m = -1877 + 450. Let b = -824 - m. What is the hundreds digit of b?
6
Suppose 12 = 3*y, 5*y = 5*l + 4*y - 11. Suppose 4*j = -4*d + 16, j + 13 = l*d + 1. Let a(h) = h**2 - 2*h + 152. What is the units digit of a(j)?
2
Suppose 3*x = -4*q + 64502, -3*q - 57*x + 48360 = -52*x. What is the hundreds digit of q?
1
Let w = -6330 - -26342. What is the thousands digit of w?
0
Suppose 51*z + 288 = 54*z. Suppose 13*q + 19*q = z. What is the units digit of q?
3
Let d(i) = 15*i - 265. Let s be d(18). Suppose b - 2*w = 993, -s*w + 64 = b - 915. What is the hundreds digit of b?
9
Let q(f) = -178*f + 5. Let z be q(-4). Let y = z + -428. What is the tens digit of y?
8
Let t(p) = -p**2 - 11*p - 31. Let z be t(-6). Let r be -3*10/(-6) + (-3 - z). Suppose 8*a = r*a + 705. What is the hundreds digit of a?
1
Let k(x) = -9*x**2 - 2*x - 2. Let n be k(4). What is the units digit of 1*-5 + (5 - n)?
4
Let j(l) = -6*l - 9. Let k be j(-14). Suppose 259 = -k*s + 76*s. Suppose -2*d + 0*d - 5*q = -524, -d = q - s. What is the hundreds digit of d?
2
Let o be 0 + 4 + 32/24*-3. Suppose 126*z - 131*z + 210 = o. Suppose -z = -2*d + 5*k, -d + 45 = 2*d - 3*k. What is the units digit of d?
1
Suppose 0 = 5*k + 84 - 64, q - k = 15257. What is the thousands digit of q?
5
Let o(f) = -3*f**3 + 3*f**2 - 23*f + 18. Let v be o(4). Let r = 348 - v. What is the hundreds digit of r?
5
Suppose 3*b + 15 = 8*b. Suppose 0 = 3*f - 4*a - 1557, -4*f = -0*f - b*a - 2069. Suppose -z - 3*z + 414 = 5*x, -5*z - 5*x = -f. What is the units digit of z?
1
Suppose 2*h - 5*h = -12. Suppose h*i - 2*i - 861 = -5*t, -330 = -2*t + 4*i. Suppose 21 = -2*a + t. What is the tens digit of a?
7
Let k = 687 - 696. What is the tens digit of ((-30)/k)/(-5)*(-3 + -156)?
0
Suppose -4*y - 5*n = 342, 6*y + 330 = 2*y + n. Suppose -756 = -8*c + 4*c. Let p = y + c. What is the hundreds digit of p?
1
Let x be -3*2/(-6)*(1 + 0). What is the units digit of (404 + 8 - (3 + 0))/x?
9
Suppose -18*j + 939551 - 338999 = 0. What is the thousands digit of j?
3
Let f(q) = q**3 - 9*q**2 - 4*q - 15. Let t be f(10). Suppose -3*v + d + t = -v, -12 = -4*d. Let i = 103 - v. What is the units digit of i?
9
What is the ten thousands digit of (113320/(-14))/((-1420)/14910)?
8
Let o be (-5022)/(-54) - (-1 + (-6 - -2)). What is the units digit of -3 + (o - (-2)/(12/(-30)))?
0
Let r(x) = x**3 + 19*x**2 + 33*x - 16. Let a be r(-17). What is the tens digit of 6 + 3 - (-2 + a - 2)?
1
Suppose 0 = -5*s - 48 - 87. Let q = -23 - s. Suppose q*n + n - 175 = 0. What is the units digit of n?
5
Let h = -9207 + 36681. What is the ten thousands digit of h?
2
Let v(i) be the second derivative of -50*i**3/3 + 3*i**2/2 - 22*i. Let f be v(-1). Suppose 0 = 4*u - 21 - f. What is the tens digit of u?
3
Let q = 42447 + -16865. What is the units digit of q?
2
Suppose 66*x - 67*x = -14. Suppose x*f - 233 = 13*f. What is the hundreds digit of f?
2
Let l(d) = 16*d + 19. Suppose 0 = 3*f + f + 24. Let k be l(f). Let x = k + 146. What is the tens digit of x?
6
Let f be (0 - 138/(-3))*-1. Let b = f - -44. Let k(q) = -15*q - 11. What is the tens digit of k(b)?
1
Let b(h) = -6023*h + 888. What is the ten thousands digit of b(-7)?
4
Suppose -l = -555 + 552. What is the hundreds digit of l + 461 - (-3 + 5)/2?
4
Let m(q) = 21*q + 1062. What is the thousands digit of m(25)?
1
Let n(i) = i**3 + 42*i**2 - 191*i + 27. What is the units digit of n(-38)?
1
Let m(h) = -9*h**2 + 25*h - 23. Let f be m(15). Let v = 3146 + f. What is the thousands digit of v?
1
Let x be 13/(-104) + 1/8 + 2. Suppose 0*q - q + n = -141, x*q = 5*n + 285. What is the hundreds digit of q?
1
Let p = 49647 + -27249. What is the ten thousands digit of p?
2
Let a = -27152 - -40981. What is the units digit of a?
9
Let a = -12 - -90. Let x = a - 71. Suppose 54 = -x*b + 1146. What is the units digit of b?
6
Let i(z) = 2*z**2 + 16*z + 14. Let j be i(-7). Suppose j*t = -10*t - 810. Let k = t - -103. What is the units digit of k?
2
What is the units digit of (-49)/((-392)/(-192)) + 27034?
0
Let b(h) = -4*h**2 - 43*h - 26. Let y be b(-23). Let j = -794 - y. Suppose 5*p = j + 1171. What is the hundreds digit of p?
3
Suppose -4*q + l = -23, l - 24 = -3*q + 4*l. Suppose -7*u + q*u = -640. What is the hundreds digit of u?
3
Suppose -30*r + 28*r = 4*q + 2164, 2*r + 2*q + 2172 = 0. Let y = 1807 + r. What is the tens digit of y?
1
Suppose 0 = 13*n + 1288 + 1000. Let t = 226 + n. What is the units digit of t?
0
Let b be (2/6)/((-4)/(-60)). Suppose -857 = -s + 3*o, 0 = -2*s - 0*s + b*o + 1709. Suppose 2*r = 4*j - 53 - 615, 5*j + r - s = 0. What is the units digit of j?
8
What is the tens digit of (384/448)/(4/82474)?
7
Suppose -9*k + 609 = -2*k. Suppose k = -3*f + 99. What is the tens digit of (f + -6)/(0 + -2) + 11?
1
Let m(o) = o**2 + o + 20. Let b be m(7). Suppose 2*v - 2*u - b = 1034, v - 4*u - 567 = 0. Suppose 7*s - 387 = v. What is the units digit of s?
4
Let y(o) = 216*o**2 - 2*o**3 - 109*o**2 - 11 - 106*o**2 - 4*o. What is the units digit of y(-5)?
4
Suppose -1501416 = 10*g - 54*g - 40*g. What is the tens digit of g?
7
Let t = -16496 + 40470. What is the units digit of t?
4
Let n be 3/(-5) - 5852/(-95). Suppose -13 = -3*w - 1. Let r = n + w. What is the tens digit of r?
6
Suppose 0*m - 10*m + 530 = 0. Suppose 0 = -3*u + m + 751. What is the hundreds digit of u?
2
Let p = -18135 + 25799. What is the tens digit of p?
6
Suppose 14*r + 256 = -2*r. What is the tens digit of (54/8)/(r/(14336/(-21)))?
8
Suppose u + 5*j - 670 = 0, 14*j - 13*j + 694 = u. What is the units digit of u?
0
Suppose 7*f - 5*f - 2*p = 19440, 4*f = 2*p + 38886. What is the tens digit of f?
2
Let i(u) = 2*u**2 - 2*u - 11. Let d be -4 - (1 + -3)*2. Suppose d = -2*x, -5*x - 12 = -5*y + 13. What is the units digit of i(y)?
9
Suppose -24 = y + 20. Let r = 43 + y. What is the tens digit of 318/(-12)*(r + -1)?
5
What is the tens digit of 15110/(-80)*-12*6?
9
Let y(v) = 17*v**2 + 8*v - 21. Let x be y(3). Sup